{"id":62,"date":"2017-10-27T15:09:14","date_gmt":"2017-10-27T13:09:14","guid":{"rendered":"http:\/\/cave-la-tonnelle.com\/?page_id=62"},"modified":"2018-04-15T13:48:46","modified_gmt":"2018-04-15T11:48:46","slug":"contact","status":"publish","type":"page","link":"https:\/\/cave-la-tonnelle.com\/index.php\/contact\/","title":{"rendered":"CONTACT"},"content":{"rendered":"<p>[et_pb_section fb_built=\u00a0\u00bb1&Prime; background_color=\u00a0\u00bb#393939&Prime; disabled_on=\u00a0\u00bbon|on|off\u00a0\u00bb _builder_version=\u00a0\u00bb3.0.84&Prime; custom_padding=\u00a0\u00bb50px|0px|0px|0px\u00a0\u00bb][et_pb_row custom_padding=\u00a0\u00bb0px|20px|20px|20px\u00a0\u00bb _builder_version=\u00a0\u00bb3.0.84&Prime; module_alignment=\u00a0\u00bbcenter\u00a0\u00bb][et_pb_column type=\u00a0\u00bb4_4&Prime; _builder_version=\u00a0\u00bb3.0.84&Prime; parallax=\u00a0\u00bboff\u00a0\u00bb parallax_method=\u00a0\u00bbon\u00a0\u00bb][et_pb_image src=\u00a0\u00bbhttp:\/\/cave-la-tonnelle.com\/wp-content\/uploads\/2017\/11\/scroll-blanc.png\u00a0\u00bb align=\u00a0\u00bbcenter\u00a0\u00bb _builder_version=\u00a0\u00bb3.0.84&Prime;][\/et_pb_image][et_pb_text background_layout=\u00a0\u00bbdark\u00a0\u00bb _builder_version=\u00a0\u00bb3.0.84&Prime; text_font=\u00a0\u00bb||||||||\u00a0\u00bb header_font=\u00a0\u00bbRaleway|600||on|||||\u00a0\u00bb header_font_size=\u00a0\u00bb35px\u00a0\u00bb header_text_color=\u00a0\u00bb#ffffff\u00a0\u00bb header_2_font=\u00a0\u00bbRaleway||||||||\u00a0\u00bb]<\/p>\n<h1 style=\"text-align: center;\"><\/h1>\n<h1 style=\"text-align: center;\"><\/h1>\n<h1 style=\"text-align: center;\">&#8211;\u00a0 NOUS CONTACTER\u00a0 &#8211;<\/h1>\n<p>[\/et_pb_text][et_pb_text background_layout=\u00a0\u00bbdark\u00a0\u00bb _builder_version=\u00a0\u00bb3.0.84&Prime; text_font=\u00a0\u00bb||||||||\u00a0\u00bb max_width=\u00a0\u00bb60%\u00a0\u00bb module_alignment=\u00a0\u00bbcenter\u00a0\u00bb]<\/p>\n<p style=\"text-align: center;\">Si vous souhaitez en savoir plus sur l&rsquo;un de nos produits, sur nos prochaines d\u00e9gustations ou si vous avez simplement besoin de conseils, n&rsquo;h\u00e9sitez pas \u00e0 nous \u00e9crire ! Nous sommes \u00e9galement disponible par t\u00e9l\u00e9phone au\u00a0<strong style=\"font-size: 20px;\">04 92 43 26 31\u00a0<\/strong>.<\/p>\n<p style=\"text-align: center;\">\n<p>[\/et_pb_text][et_pb_contact_form form_background_color=\u00a0\u00bbrgba(0,0,0,0)\u00a0\u00bb input_border_radius=\u00a0\u00bb2px\u00a0\u00bb module_id=\u00a0\u00bbet_pb_contact_form_0&Prime; _builder_version=\u00a0\u00bb3.0.84&Prime; title_font=\u00a0\u00bb||||||||\u00a0\u00bb form_field_font=\u00a0\u00bbRaleway|||on|||||\u00a0\u00bb form_field_text_align=\u00a0\u00bbleft\u00a0\u00bb form_field_font_size=\u00a0\u00bb14px\u00a0\u00bb form_field_text_color=\u00a0\u00bb#d19e66&Prime; use_border_color=\u00a0\u00bbon\u00a0\u00bb border_color=\u00a0\u00bb#d19e66&Prime; border_width=\u00a0\u00bb2px\u00a0\u00bb text_orientation=\u00a0\u00bbjustified\u00a0\u00bb custom_button=\u00a0\u00bbon\u00a0\u00bb button_text_size=\u00a0\u00bb21px\u00a0\u00bb button_text_color=\u00a0\u00bb#393939&Prime; button_bg_color=\u00a0\u00bb#d19e66&Prime; button_border_color=\u00a0\u00bb#d19e66&Prime; button_font=\u00a0\u00bbRaleway|600||on|||||\u00a0\u00bb button_icon=\u00a0\u00bb%%238%%\u00a0\u00bb button_icon_color=\u00a0\u00bb#ffffff\u00a0\u00bb button_text_color_hover=\u00a0\u00bb#ffffff\u00a0\u00bb button_bg_color_hover=\u00a0\u00bb#d29865&Prime; animation_style=\u00a0\u00bbslide\u00a0\u00bb animation_duration=\u00a0\u00bb1200ms\u00a0\u00bb animation_delay=\u00a0\u00bb300ms\u00a0\u00bb animation_intensity_slide=\u00a0\u00bb17%\u00a0\u00bb email=\u00a0\u00bbinfo@cave-tonnelle.com\u00a0\u00bb][et_pb_contact_field field_id=\u00a0\u00bbName\u00a0\u00bb field_title=\u00a0\u00bbNom\u00a0\u00bb _builder_version=\u00a0\u00bb3.0.84&Prime;][\/et_pb_contact_field][et_pb_contact_field field_id=\u00a0\u00bbPr\u00e9nom\u00a0\u00bb field_title=\u00a0\u00bbPr\u00e9nom\u00a0\u00bb _builder_version=\u00a0\u00bb3.0.84&Prime;][\/et_pb_contact_field][et_pb_contact_field field_id=\u00a0\u00bbSoci\u00e9t\u00e9\u00a0\u00bb field_title=\u00a0\u00bbSoci\u00e9t\u00e9\u00a0\u00bb required_mark=\u00a0\u00bboff\u00a0\u00bb _builder_version=\u00a0\u00bb3.0.84&Prime;][\/et_pb_contact_field][et_pb_contact_field field_id=\u00a0\u00bbEmail\u00a0\u00bb field_title=\u00a0\u00bbAdresse e-mail\u00a0\u00bb field_type=\u00a0\u00bbemail\u00a0\u00bb _builder_version=\u00a0\u00bb3.0.47&Prime;][\/et_pb_contact_field][et_pb_contact_field field_id=\u00a0\u00bbMessage\u00a0\u00bb field_title=\u00a0\u00bbMessage\u00a0\u00bb field_type=\u00a0\u00bbtext\u00a0\u00bb fullwidth_field=\u00a0\u00bbon\u00a0\u00bb _builder_version=\u00a0\u00bb3.0.47&Prime;][\/et_pb_contact_field][\/et_pb_contact_form][\/et_pb_column][\/et_pb_row][et_pb_row custom_padding=\u00a0\u00bb25px||72px|\u00a0\u00bb _builder_version=\u00a0\u00bb3.0.84&Prime;][et_pb_column type=\u00a0\u00bb1_2&Prime; _builder_version=\u00a0\u00bb3.0.84&Prime; parallax=\u00a0\u00bboff\u00a0\u00bb parallax_method=\u00a0\u00bbon\u00a0\u00bb][et_pb_map address=\u00a0\u00bb6 Rue Colonel Bonnet, 05200 Embrun, France\u00a0\u00bb address_lat=\u00a0\u00bb44.5642713&Prime; address_lng=\u00a0\u00bb6.4971213&Prime; _builder_version=\u00a0\u00bb3.0.84&Prime; animation_style=\u00a0\u00bbslide\u00a0\u00bb animation_direction=\u00a0\u00bbleft\u00a0\u00bb animation_duration=\u00a0\u00bb1200ms\u00a0\u00bb animation_delay=\u00a0\u00bb900ms\u00a0\u00bb animation_intensity_slide=\u00a0\u00bb8%\u00a0\u00bb][et_pb_map_pin title=\u00a0\u00bbCave La Tonnelle\u00a0\u00bb pin_address=\u00a0\u00bb6 Rue Colonel Bonnet, 05200 Embrun, France\u00a0\u00bb pin_address_lat=\u00a0\u00bb44.5642713&Prime; pin_address_lng=\u00a0\u00bb6.4971213&Prime; _builder_version=\u00a0\u00bb3.0.84&Prime;][\/et_pb_map_pin][\/et_pb_map][\/et_pb_column][et_pb_column type=\u00a0\u00bb1_2&Prime; _builder_version=\u00a0\u00bb3.0.84&Prime; parallax=\u00a0\u00bboff\u00a0\u00bb parallax_method=\u00a0\u00bbon\u00a0\u00bb][et_pb_text background_layout=\u00a0\u00bbdark\u00a0\u00bb _builder_version=\u00a0\u00bb3.0.84&Prime; text_font=\u00a0\u00bbRaleway||||||||\u00a0\u00bb header_font=\u00a0\u00bb||||||||\u00a0\u00bb header_2_font=\u00a0\u00bb|600|||||||\u00a0\u00bb custom_padding=\u00a0\u00bb|||\u00a0\u00bb animation_style=\u00a0\u00bbslide\u00a0\u00bb animation_direction=\u00a0\u00bbright\u00a0\u00bb animation_duration=\u00a0\u00bb1200ms\u00a0\u00bb animation_delay=\u00a0\u00bb900ms\u00a0\u00bb animation_intensity_slide=\u00a0\u00bb8%\u00a0\u00bb]<\/p>\n<h2><\/h2>\n<h2><\/h2>\n<h2 style=\"text-align: left; padding-left: 120px;\"><\/h2>\n<h2 style=\"text-align: left; padding-left: 120px;\">CAVE LA TONNELLE<\/h2>\n<p style=\"text-align: left; padding-left: 120px;\">&#8211;<br \/>6 rue Colonel Bonnet<br \/>05200 EMBRUN<br \/>&#8211;<br \/><strong>T\u00e9l : 04 92 43 26 31<\/strong><br \/>Port : 06 31 14 95 92<br \/>&#8211;<br \/><strong>info@cave-tonnelle.com<\/strong><\/p>\n<p>[\/et_pb_text][\/et_pb_column][\/et_pb_row][\/et_pb_section][et_pb_section fb_built=\u00a0\u00bb1&Prime; background_color=\u00a0\u00bb#393939&Prime; disabled_on=\u00a0\u00bboff|off|on\u00a0\u00bb _builder_version=\u00a0\u00bb3.0.84&Prime; custom_padding=\u00a0\u00bb0px|0px|0px|0px\u00a0\u00bb][et_pb_row custom_padding=\u00a0\u00bb0px|20px|20px|20px\u00a0\u00bb _builder_version=\u00a0\u00bb3.0.84&Prime; module_alignment=\u00a0\u00bbcenter\u00a0\u00bb][et_pb_column type=\u00a0\u00bb4_4&Prime; _builder_version=\u00a0\u00bb3.0.84&Prime; parallax=\u00a0\u00bboff\u00a0\u00bb parallax_method=\u00a0\u00bbon\u00a0\u00bb][et_pb_image src=\u00a0\u00bbhttp:\/\/cave-la-tonnelle.com\/wp-content\/uploads\/2017\/11\/scroll-blanc.png\u00a0\u00bb align=\u00a0\u00bbcenter\u00a0\u00bb _builder_version=\u00a0\u00bb3.0.84&Prime;][\/et_pb_image][et_pb_text background_layout=\u00a0\u00bbdark\u00a0\u00bb _builder_version=\u00a0\u00bb3.0.84&Prime; text_font=\u00a0\u00bb||||||||\u00a0\u00bb header_font=\u00a0\u00bbRaleway|600||on|||||\u00a0\u00bb header_font_size=\u00a0\u00bb20px\u00a0\u00bb header_text_color=\u00a0\u00bb#ffffff\u00a0\u00bb header_2_font=\u00a0\u00bbRaleway||||||||\u00a0\u00bb]<\/p>\n<h1 style=\"text-align: center;\"><\/h1>\n<h1 style=\"text-align: center;\"><\/h1>\n<h1 style=\"text-align: center;\">&#8211;\u00a0 NOUS CONTACTER\u00a0 &#8211;<\/h1>\n<p>[\/et_pb_text][et_pb_text background_layout=\u00a0\u00bbdark\u00a0\u00bb _builder_version=\u00a0\u00bb3.0.84&Prime; text_font=\u00a0\u00bb||||||||\u00a0\u00bb max_width=\u00a0\u00bb95%\u00a0\u00bb module_alignment=\u00a0\u00bbcenter\u00a0\u00bb]<\/p>\n<p style=\"text-align: center;\">Si vous souhaitez en savoir plus sur l&rsquo;un de nos produits, sur nos prochaines d\u00e9gustations ou si vous avez simplement besoin de conseils, n&rsquo;h\u00e9sitez pas \u00e0 nous \u00e9crire ! Nous sommes \u00e9galement disponible par t\u00e9l\u00e9phone au\u00a0\u00a0<strong style=\"font-size: 20px;\">04 92 43 36 31\u00a0<\/strong>.<\/p>\n<p style=\"text-align: center;\">\n<p>[\/et_pb_text][et_pb_contact_form success_message=\u00a0\u00bbVotre message nous a bien \u00e9t\u00e9 envoy\u00e9 ! Nous r\u00e9pondrons dans les plus brefs d\u00e9lais ! A bient\u00f4t dans votre Cave La Tonnelle !\u00a0\u00bb form_background_color=\u00a0\u00bbrgba(0,0,0,0)\u00a0\u00bb input_border_radius=\u00a0\u00bb2px\u00a0\u00bb module_id=\u00a0\u00bbet_pb_contact_form_0&Prime; _builder_version=\u00a0\u00bb3.0.84&Prime; title_font=\u00a0\u00bb||||||||\u00a0\u00bb form_field_font=\u00a0\u00bbRaleway|||on|||||\u00a0\u00bb form_field_text_align=\u00a0\u00bbleft\u00a0\u00bb form_field_font_size=\u00a0\u00bb14px\u00a0\u00bb form_field_text_color=\u00a0\u00bb#d19e66&Prime; use_border_color=\u00a0\u00bbon\u00a0\u00bb border_color=\u00a0\u00bb#d19e66&Prime; border_width=\u00a0\u00bb2px\u00a0\u00bb text_orientation=\u00a0\u00bbjustified\u00a0\u00bb custom_button=\u00a0\u00bbon\u00a0\u00bb button_text_size=\u00a0\u00bb21px\u00a0\u00bb button_text_color=\u00a0\u00bb#393939&Prime; button_bg_color=\u00a0\u00bb#d19e66&Prime; button_border_color=\u00a0\u00bb#d19e66&Prime; button_font=\u00a0\u00bbRaleway|600||on|||||\u00a0\u00bb button_icon=\u00a0\u00bb%%238%%\u00a0\u00bb button_icon_color=\u00a0\u00bb#ffffff\u00a0\u00bb button_text_color_hover=\u00a0\u00bb#ffffff\u00a0\u00bb button_bg_color_hover=\u00a0\u00bb#d29865&Prime; animation_style=\u00a0\u00bbslide\u00a0\u00bb animation_duration=\u00a0\u00bb1200ms\u00a0\u00bb animation_delay=\u00a0\u00bb300ms\u00a0\u00bb animation_intensity_slide=\u00a0\u00bb17%\u00a0\u00bb][et_pb_contact_field field_id=\u00a0\u00bbName\u00a0\u00bb field_title=\u00a0\u00bbNom\u00a0\u00bb _builder_version=\u00a0\u00bb3.0.84&Prime;][\/et_pb_contact_field][et_pb_contact_field field_id=\u00a0\u00bbPr\u00e9nom\u00a0\u00bb field_title=\u00a0\u00bbPr\u00e9nom\u00a0\u00bb _builder_version=\u00a0\u00bb3.0.84&Prime;][\/et_pb_contact_field][et_pb_contact_field field_id=\u00a0\u00bbSoci\u00e9t\u00e9\u00a0\u00bb field_title=\u00a0\u00bbSoci\u00e9t\u00e9\u00a0\u00bb required_mark=\u00a0\u00bboff\u00a0\u00bb _builder_version=\u00a0\u00bb3.0.84&Prime;][\/et_pb_contact_field][et_pb_contact_field field_id=\u00a0\u00bbEmail\u00a0\u00bb field_title=\u00a0\u00bbAdresse e-mail\u00a0\u00bb field_type=\u00a0\u00bbemail\u00a0\u00bb _builder_version=\u00a0\u00bb3.0.47&Prime;][\/et_pb_contact_field][et_pb_contact_field field_id=\u00a0\u00bbMessage\u00a0\u00bb field_title=\u00a0\u00bbMessage\u00a0\u00bb field_type=\u00a0\u00bbtext\u00a0\u00bb fullwidth_field=\u00a0\u00bbon\u00a0\u00bb _builder_version=\u00a0\u00bb3.0.47&Prime;][\/et_pb_contact_field][\/et_pb_contact_form][\/et_pb_column][\/et_pb_row][et_pb_row custom_padding=\u00a0\u00bb27px|0px|0px|0px\u00a0\u00bb _builder_version=\u00a0\u00bb3.0.84&Prime;][et_pb_column type=\u00a0\u00bb4_4&Prime; _builder_version=\u00a0\u00bb3.0.84&Prime; parallax=\u00a0\u00bboff\u00a0\u00bb parallax_method=\u00a0\u00bbon\u00a0\u00bb][et_pb_text background_layout=\u00a0\u00bbdark\u00a0\u00bb _builder_version=\u00a0\u00bb3.0.84&Prime; text_font=\u00a0\u00bbRaleway||||||||\u00a0\u00bb header_font=\u00a0\u00bb||||||||\u00a0\u00bb header_font_size=\u00a0\u00bb25px\u00a0\u00bb header_2_font=\u00a0\u00bb|600|||||||\u00a0\u00bb header_2_font_size=\u00a0\u00bb20px\u00a0\u00bb custom_padding=\u00a0\u00bb|||\u00a0\u00bb animation_style=\u00a0\u00bbslide\u00a0\u00bb animation_direction=\u00a0\u00bbright\u00a0\u00bb animation_duration=\u00a0\u00bb1200ms\u00a0\u00bb animation_delay=\u00a0\u00bb900ms\u00a0\u00bb animation_intensity_slide=\u00a0\u00bb8%\u00a0\u00bb locked=\u00a0\u00bboff\u00a0\u00bb]<\/p>\n<h2><\/h2>\n<h2><\/h2>\n<h2 style=\"text-align: left; padding-left: 120px;\"><\/h2>\n<h2 style=\"text-align: center;\">CAVE LA TONNELLE<\/h2>\n<p style=\"text-align: center;\">&#8211;<br \/>6 rue Colonel Bonnet<br \/>05200 EMBRUN<br \/>&#8211;<br \/><strong>T\u00e9l : 04 92 43 26 31<\/strong><br \/>Port : 06 31 14 95 92<br \/>&#8211;<br \/><strong>info@cave-tonnelle.com<\/strong><\/p>\n<p>[\/et_pb_text][et_pb_map address=\u00a0\u00bb6 Rue Colonel Bonnet, 05200 Embrun, France\u00a0\u00bb address_lat=\u00a0\u00bb44.5642713&Prime; address_lng=\u00a0\u00bb6.4971213&Prime; _builder_version=\u00a0\u00bb3.0.84&Prime; animation_style=\u00a0\u00bbslide\u00a0\u00bb animation_direction=\u00a0\u00bbleft\u00a0\u00bb animation_duration=\u00a0\u00bb1200ms\u00a0\u00bb animation_delay=\u00a0\u00bb900ms\u00a0\u00bb animation_intensity_slide=\u00a0\u00bb8%\u00a0\u00bb locked=\u00a0\u00bboff\u00a0\u00bb][et_pb_map_pin title=\u00a0\u00bbCave La Tonnelle\u00a0\u00bb pin_address=\u00a0\u00bb6 Rue Colonel Bonnet, 05200 Embrun, France\u00a0\u00bb pin_address_lat=\u00a0\u00bb44.5642713&Prime; pin_address_lng=\u00a0\u00bb6.4971213&Prime; _builder_version=\u00a0\u00bb3.0.84&Prime;][\/et_pb_map_pin][\/et_pb_map][\/et_pb_column][\/et_pb_row][\/et_pb_section]<\/p>\n","protected":false},"excerpt":{"rendered":"<p>[et_pb_section fb_built=\u00a0\u00bb1&Prime; background_color=\u00a0\u00bb#393939&Prime; disabled_on=\u00a0\u00bbon|on|off\u00a0\u00bb _builder_version=\u00a0\u00bb3.0.84&Prime; custom_padding=\u00a0\u00bb50px|0px|0px|0px\u00a0\u00bb][et_pb_row custom_padding=\u00a0\u00bb0px|20px|20px|20px\u00a0\u00bb _builder_version=\u00a0\u00bb3.0.84&Prime; module_alignment=\u00a0\u00bbcenter\u00a0\u00bb][et_pb_column type=\u00a0\u00bb4_4&Prime; _builder_version=\u00a0\u00bb3.0.84&Prime; parallax=\u00a0\u00bboff\u00a0\u00bb parallax_method=\u00a0\u00bbon\u00a0\u00bb][et_pb_image src=\u00a0\u00bbhttp:\/\/cave-la-tonnelle.com\/wp-content\/uploads\/2017\/11\/scroll-blanc.png\u00a0\u00bb align=\u00a0\u00bbcenter\u00a0\u00bb _builder_version=\u00a0\u00bb3.0.84&Prime;][\/et_pb_image][et_pb_text background_layout=\u00a0\u00bbdark\u00a0\u00bb _builder_version=\u00a0\u00bb3.0.84&Prime; text_font=\u00a0\u00bb||||||||\u00a0\u00bb header_font=\u00a0\u00bbRaleway|600||on|||||\u00a0\u00bb header_font_size=\u00a0\u00bb35px\u00a0\u00bb header_text_color=\u00a0\u00bb#ffffff\u00a0\u00bb header_2_font=\u00a0\u00bbRaleway||||||||\u00a0\u00bb] &#8211;\u00a0 NOUS CONTACTER\u00a0 &#8211; [\/et_pb_text][et_pb_text background_layout=\u00a0\u00bbdark\u00a0\u00bb _builder_version=\u00a0\u00bb3.0.84&Prime; text_font=\u00a0\u00bb||||||||\u00a0\u00bb max_width=\u00a0\u00bb60%\u00a0\u00bb module_alignment=\u00a0\u00bbcenter\u00a0\u00bb] Si vous souhaitez en savoir plus sur l&rsquo;un de nos produits, sur nos prochaines d\u00e9gustations ou si vous avez simplement besoin de [&hellip;]<\/p>\n","protected":false},"author":1,"featured_media":0,"parent":0,"menu_order":0,"comment_status":"closed","ping_status":"closed","template":"","meta":{"footnotes":""},"_links":{"self":[{"href":"https:\/\/cave-la-tonnelle.com\/index.php\/wp-json\/wp\/v2\/pages\/62"}],"collection":[{"href":"https:\/\/cave-la-tonnelle.com\/index.php\/wp-json\/wp\/v2\/pages"}],"about":[{"href":"https:\/\/cave-la-tonnelle.com\/index.php\/wp-json\/wp\/v2\/types\/page"}],"author":[{"embeddable":true,"href":"https:\/\/cave-la-tonnelle.com\/index.php\/wp-json\/wp\/v2\/users\/1"}],"replies":[{"embeddable":true,"href":"https:\/\/cave-la-tonnelle.com\/index.php\/wp-json\/wp\/v2\/comments?post=62"}],"version-history":[{"count":9,"href":"https:\/\/cave-la-tonnelle.com\/index.php\/wp-json\/wp\/v2\/pages\/62\/revisions"}],"predecessor-version":[{"id":1905,"href":"https:\/\/cave-la-tonnelle.com\/index.php\/wp-json\/wp\/v2\/pages\/62\/revisions\/1905"}],"wp:attachment":[{"href":"https:\/\/cave-la-tonnelle.com\/index.php\/wp-json\/wp\/v2\/media?parent=62"}],"curies":[{"name":"wp","href":"https:\/\/api.w.org\/{rel}","templated":true}]}}