{"id":1088,"date":"2017-12-28T14:54:59","date_gmt":"2017-12-28T13:54:59","guid":{"rendered":"http:\/\/cave-la-tonnelle.com\/?post_type=product&#038;p=1088"},"modified":"2020-05-14T18:15:37","modified_gmt":"2020-05-14T16:15:37","slug":"aperitif-a-base-de-vin-genepi","status":"publish","type":"product","link":"https:\/\/cave-la-tonnelle.com\/index.php\/produit\/aperitif-a-base-de-vin-genepi\/","title":{"rendered":"Ap\u00e9ritif \u00e0 base de vin &#8211; G\u00e9n\u00e9pi"},"content":{"rendered":"<p>Contenance : 75 cl<\/p>\n","protected":false},"excerpt":{"rendered":"<p>Contenance : 75 cl<\/p>\n","protected":false},"featured_media":1089,"template":"","meta":[],"_links":{"self":[{"href":"https:\/\/cave-la-tonnelle.com\/index.php\/wp-json\/wp\/v2\/product\/1088"}],"collection":[{"href":"https:\/\/cave-la-tonnelle.com\/index.php\/wp-json\/wp\/v2\/product"}],"about":[{"href":"https:\/\/cave-la-tonnelle.com\/index.php\/wp-json\/wp\/v2\/types\/product"}],"wp:featuredmedia":[{"embeddable":true,"href":"https:\/\/cave-la-tonnelle.com\/index.php\/wp-json\/wp\/v2\/media\/1089"}],"wp:attachment":[{"href":"https:\/\/cave-la-tonnelle.com\/index.php\/wp-json\/wp\/v2\/media?parent=1088"}],"curies":[{"name":"wp","href":"https:\/\/api.w.org\/{rel}","templated":true}]}}