{"id":421,"date":"2017-12-06T10:18:36","date_gmt":"2017-12-06T09:18:36","guid":{"rendered":"http:\/\/cave-la-tonnelle.com\/?post_type=product&#038;p=421"},"modified":"2018-04-15T14:25:34","modified_gmt":"2018-04-15T12:25:34","slug":"carmenere-wine-of-chile","status":"publish","type":"product","link":"https:\/\/cave-la-tonnelle.com\/index.php\/produit\/carmenere-wine-of-chile\/","title":{"rendered":"Carm\u00e9n\u00e8re wine of Chile"},"content":{"rendered":"<p>Ann\u00e9e : 2016<br \/>\nContenance : 75 cl<br \/>\nR\u00e9gion : Vin \u00e9tranger &#8211; Chili<\/p>\n","protected":false},"excerpt":{"rendered":"<p>Ann\u00e9e : 2016 Contenance : 75 cl R\u00e9gion : Vin \u00e9tranger &#8211; Chili<\/p>\n","protected":false},"featured_media":424,"template":"","meta":[],"_links":{"self":[{"href":"https:\/\/cave-la-tonnelle.com\/index.php\/wp-json\/wp\/v2\/product\/421"}],"collection":[{"href":"https:\/\/cave-la-tonnelle.com\/index.php\/wp-json\/wp\/v2\/product"}],"about":[{"href":"https:\/\/cave-la-tonnelle.com\/index.php\/wp-json\/wp\/v2\/types\/product"}],"wp:featuredmedia":[{"embeddable":true,"href":"https:\/\/cave-la-tonnelle.com\/index.php\/wp-json\/wp\/v2\/media\/424"}],"wp:attachment":[{"href":"https:\/\/cave-la-tonnelle.com\/index.php\/wp-json\/wp\/v2\/media?parent=421"}],"curies":[{"name":"wp","href":"https:\/\/api.w.org\/{rel}","templated":true}]}}