{"id":526,"date":"2017-12-06T13:11:50","date_gmt":"2017-12-06T12:11:50","guid":{"rendered":"http:\/\/cave-la-tonnelle.com\/?post_type=product&#038;p=526"},"modified":"2020-05-16T09:59:27","modified_gmt":"2020-05-16T07:59:27","slug":"bastide-saint-dominique-magnum-c-d-r-village","status":"publish","type":"product","link":"https:\/\/cave-la-tonnelle.com\/index.php\/produit\/bastide-saint-dominique-magnum-c-d-r-village\/","title":{"rendered":"C-D-R Village-bastide Saint-Dominique Magnum"},"content":{"rendered":"<p>Contenance : 150 cl | Magnum<br \/>\nR\u00e9gion : C\u00f4tes-du-Rh\u00f4ne Village<\/p>\n","protected":false},"excerpt":{"rendered":"<p>Contenance : 150 cl | Magnum R\u00e9gion : C\u00f4tes-du-Rh\u00f4ne Village<\/p>\n","protected":false},"featured_media":527,"template":"","meta":[],"_links":{"self":[{"href":"https:\/\/cave-la-tonnelle.com\/index.php\/wp-json\/wp\/v2\/product\/526"}],"collection":[{"href":"https:\/\/cave-la-tonnelle.com\/index.php\/wp-json\/wp\/v2\/product"}],"about":[{"href":"https:\/\/cave-la-tonnelle.com\/index.php\/wp-json\/wp\/v2\/types\/product"}],"wp:featuredmedia":[{"embeddable":true,"href":"https:\/\/cave-la-tonnelle.com\/index.php\/wp-json\/wp\/v2\/media\/527"}],"wp:attachment":[{"href":"https:\/\/cave-la-tonnelle.com\/index.php\/wp-json\/wp\/v2\/media?parent=526"}],"curies":[{"name":"wp","href":"https:\/\/api.w.org\/{rel}","templated":true}]}}