{"id":671,"date":"2017-12-18T14:33:04","date_gmt":"2017-12-18T13:33:04","guid":{"rendered":"http:\/\/cave-la-tonnelle.com\/?post_type=product&#038;p=671"},"modified":"2018-09-01T18:39:46","modified_gmt":"2018-09-01T16:39:46","slug":"eternelle-favorite-rose-cru-classe-chateau-saint-martin","status":"publish","type":"product","link":"https:\/\/cave-la-tonnelle.com\/index.php\/produit\/eternelle-favorite-rose-cru-classe-chateau-saint-martin\/","title":{"rendered":"Eternelle favorite &#8211; cru class\u00e9 &#8211; ch\u00e2teau saint-martin"},"content":{"rendered":"<p>Ann\u00e9e :<br \/>\nContenance : 75 cl<br \/>\nR\u00e9gion : Provence<\/p>\n","protected":false},"excerpt":{"rendered":"<p>Ann\u00e9e : Contenance : 75 cl R\u00e9gion : Provence<\/p>\n","protected":false},"featured_media":674,"template":"","meta":[],"_links":{"self":[{"href":"https:\/\/cave-la-tonnelle.com\/index.php\/wp-json\/wp\/v2\/product\/671"}],"collection":[{"href":"https:\/\/cave-la-tonnelle.com\/index.php\/wp-json\/wp\/v2\/product"}],"about":[{"href":"https:\/\/cave-la-tonnelle.com\/index.php\/wp-json\/wp\/v2\/types\/product"}],"wp:featuredmedia":[{"embeddable":true,"href":"https:\/\/cave-la-tonnelle.com\/index.php\/wp-json\/wp\/v2\/media\/674"}],"wp:attachment":[{"href":"https:\/\/cave-la-tonnelle.com\/index.php\/wp-json\/wp\/v2\/media?parent=671"}],"curies":[{"name":"wp","href":"https:\/\/api.w.org\/{rel}","templated":true}]}}