{"id":715,"date":"2017-12-19T15:33:26","date_gmt":"2017-12-19T14:33:26","guid":{"rendered":"http:\/\/cave-la-tonnelle.com\/?post_type=product&#038;p=715"},"modified":"2020-05-16T09:39:27","modified_gmt":"2020-05-16T07:39:27","slug":"gigondas-clos-cazaux","status":"publish","type":"product","link":"https:\/\/cave-la-tonnelle.com\/index.php\/produit\/gigondas-clos-cazaux\/","title":{"rendered":"Gigondas Clos des Cazaux"},"content":{"rendered":"<p>Contenance : 75 cl<br \/>\nR\u00e9gion : C\u00f4tes-du-Rh\u00f4ne<\/p>\n","protected":false},"excerpt":{"rendered":"<p>Contenance : 75 cl R\u00e9gion : C\u00f4tes-du-Rh\u00f4ne<\/p>\n","protected":false},"featured_media":717,"template":"","meta":[],"_links":{"self":[{"href":"https:\/\/cave-la-tonnelle.com\/index.php\/wp-json\/wp\/v2\/product\/715"}],"collection":[{"href":"https:\/\/cave-la-tonnelle.com\/index.php\/wp-json\/wp\/v2\/product"}],"about":[{"href":"https:\/\/cave-la-tonnelle.com\/index.php\/wp-json\/wp\/v2\/types\/product"}],"wp:featuredmedia":[{"embeddable":true,"href":"https:\/\/cave-la-tonnelle.com\/index.php\/wp-json\/wp\/v2\/media\/717"}],"wp:attachment":[{"href":"https:\/\/cave-la-tonnelle.com\/index.php\/wp-json\/wp\/v2\/media?parent=715"}],"curies":[{"name":"wp","href":"https:\/\/api.w.org\/{rel}","templated":true}]}}