{"id":792,"date":"2017-12-19T17:52:25","date_gmt":"2017-12-19T16:52:25","guid":{"rendered":"http:\/\/cave-la-tonnelle.com\/?post_type=product&#038;p=792"},"modified":"2020-05-16T09:34:00","modified_gmt":"2020-05-16T07:34:00","slug":"crozes-hermitage-launes","status":"publish","type":"product","link":"https:\/\/cave-la-tonnelle.com\/index.php\/produit\/crozes-hermitage-launes\/","title":{"rendered":"Crozes-Hermitage Les Launes Delas"},"content":{"rendered":"<p>Contenance : 75 cl<br \/>\nR\u00e9gion : C\u00f4tes-du-Rh\u00f4ne<\/p>\n","protected":false},"excerpt":{"rendered":"<p>Contenance : 75 cl R\u00e9gion : C\u00f4tes-du-Rh\u00f4ne<\/p>\n","protected":false},"featured_media":793,"template":"","meta":[],"_links":{"self":[{"href":"https:\/\/cave-la-tonnelle.com\/index.php\/wp-json\/wp\/v2\/product\/792"}],"collection":[{"href":"https:\/\/cave-la-tonnelle.com\/index.php\/wp-json\/wp\/v2\/product"}],"about":[{"href":"https:\/\/cave-la-tonnelle.com\/index.php\/wp-json\/wp\/v2\/types\/product"}],"wp:featuredmedia":[{"embeddable":true,"href":"https:\/\/cave-la-tonnelle.com\/index.php\/wp-json\/wp\/v2\/media\/793"}],"wp:attachment":[{"href":"https:\/\/cave-la-tonnelle.com\/index.php\/wp-json\/wp\/v2\/media?parent=792"}],"curies":[{"name":"wp","href":"https:\/\/api.w.org\/{rel}","templated":true}]}}